
Let w(p) = 2*p**3 - 8*p**2 + 22*p - 32. Calculate w(3).
16
Let z(w) = w - 27. What is z(11)?
-16
Let h(s) = s**2 + 29*s - 224. Give h(11).
216
Let u(b) = -b**3 + 39*b**2 + 742*b - 54. What is u(53)?
-54
Let o(n) = -45*n + 1082. What is o(24)?
2
Let p(d) = 65*d**2 + 730*d + 160. Give p(-11).
-5
Let v(w) = -3*w**2 + 57*w - 243. Calculate v(7).
9
Let j(m) = m**2 - 12*m - 637. Calculate j(31).
-48
Let j(w) = w**3 - 89*w**2 - 5162*w + 285. Give j(129).
27
Let o(y) = 2*y**3 + 13*y**2 - 7*y - 11. Determine o(-6).
67
Let l(v) = v**3 + 44*v**2 - 142*v - 10. Give l(-47).
37
Let u(l) = 76*l + 5491. Determine u(-74).
-133
Let a(u) = -6*u**3 - 28*u**2 - 57*u - 2. What is a(-2)?
48
Let a(k) = -2*k**3 + 15*k**2 - 23*k + 46. Determine a(7).
-66
Let g(z) = -z**3 + 15*z**2 + 19*z - 54. Determine g(16).
-6
Let a(b) = -4*b**2 - 94*b - 304. What is a(-4)?
8
Let g(d) = 2*d**3 + 100*d**2 - 99*d + 179. Determine g(-51).
26
Let y(z) = -158*z**2 - 193*z + 4. Determine y(-1).
39
Let r(y) = -22*y - 45. Give r(-1).
-23
Let j(f) = -43*f + 2622. What is j(62)?
-44
Let j(f) = -3*f**2 - 2*f + 11. What is j(-4)?
-29
Let k(f) = -2*f**2 + 79*f + 1933. Give k(-17).
12
Let a(g) = 177*g + 9944. Determine a(-56).
32
Let y(b) = -74*b + 513. What is y(7)?
-5
Let l(i) = 110*i + 233. Give l(-3).
-97
Let w(m) = 112*m**2 + 1567*m + 3. Calculate w(-14).
17
Let m(r) = -4*r**3 + 209*r**2 - 50*r - 72. Determine m(52).
32
Let g(x) = 5085*x + 213575. Calculate g(-42).
5
Let c(m) = -m**2 + 17*m - 60. Calculate c(8).
12
Let z(x) = 271*x + 11389. Determine z(-42).
7
Let l(c) = 27*c - 1097. What is l(41)?
10
Let q(r) = -82*r + 569. Give q(7).
-5
Let h(x) = 8*x + 486. Give h(-60).
6
Let r(p) = -16*p**2 - 205*p - 141. Determine r(-12).
15
Let q(d) = -d**3 + 18*d**2 - 22*d - 241. What is q(16)?
-81
Let c(h) = -2*h**2 - 10*h + 5. Give c(-6).
-7
Let t(x) = -13*x**2 - 14*x - 2. Give t(-3).
-77
Let s(j) = -300*j - 1906. Calculate s(-6).
-106
Let i(l) = 13*l**3 - 9*l**2 - 2*l - 1. Determine i(1).
1
Let s(k) = 9*k**2 + 19*k + 61. Calculate s(-3).
85
Let t(x) = 255*x + 28812. Determine t(-113).
-3
Let t(f) = -6*f**3 + 1762*f**2 + 575*f + 3842. Calculate t(294).
20
Let l(g) = -g**2 - 18*g - 58. Give l(-7).
19
Let x(j) = j**2 - 369*j + 29882. Give x(120).
2
Let n(u) = 18*u**2 + 26*u + 43. Give n(-2).
63
Let y(u) = -10*u**2 - 7*u - 1. Determine y(-3).
-70
Let i(g) = -4*g**2 - 53*g + 414. Calculate i(6).
-48
Let g(f) = f**3 - f**2 + f + 121. Give g(0).
121
Let o(a) = -22*a - 805. What is o(-29)?
-167
Let t(a) = 4*a**3 + 5*a**2 + 70*a + 159. Calculate t(-2).
7
Let g(o) = -2*o**2 - 68*o - 114. Calculate g(-32).
14
Let f(a) = -a**3 + 16*a**2 + 5*a - 491. Determine f(15).
-191
Let p(c) = 43*c + 1836. Calculate p(-38).
202
Let k(t) = 7*t + 516. Give k(-63).
75
Let u(t) = t**3 - 65*t**2 - 503*t - 26. Determine u(72).
46
Let f(l) = -10*l**2 + 144*l + 10. Give f(8).
522
Let o(x) = -x**3 + 4*x**2 + 50*x - 249. Determine o(5).
-24
Let c(i) = 4*i + 134. Determine c(-11).
90
Let x(r) = r**3 + 10*r**2 - 22*r - 12. What is x(-12)?
-36
Let p(h) = h**3 + 31*h**2 - 47*h + 16. Calculate p(-32).
496
Let t(r) = 2*r**3 + 24*r**2 - 53*r + 39. What is t(-14)?
-3
Let b(t) = 15*t + 395. What is b(0)?
395
Let k(o) = -136*o - 419. What is k(-3)?
-11
Let u(z) = -51*z + 881. Give u(32).
-751
Let p(s) = -79*s**2 + 6*s - 12. Give p(-2).
-340
Let d(w) = w**3 + 5*w**2 - 37*w - 60. Determine d(-7).
101
Let a(o) = -13*o**3 + 6*o**2 + o - 9. Give a(2).
-87
Let k(t) = 24347*t + 121742. Calculate k(-5).
7
Let f(j) = 3*j**3 + 137*j**2 + 88*j - 83. Give f(-45).
7
Let h(v) = 9*v + 132. Determine h(-6).
78
Let f(c) = 4*c - 266. What is f(19)?
-190
Let c(f) = 14*f**2 + 551*f + 95. Calculate c(-39).
-100
Let i(v) = v**2 - 79*v + 758. What is i(68)?
10
Let o(u) = u**2 - 89*u - 280. What is o(-3)?
-4
Let a(z) = 2321*z - 4450. What is a(2)?
192
Let h(z) = 2*z**3 + 5*z**2 - 391*z + 385. What is h(1)?
1
Let a(u) = 2*u**2 + 65*u + 210. Calculate a(-4).
-18
Let b(i) = -4*i**2 + 230*i - 121. What is b(57)?
-7
Let j(z) = -104*z - 9256. What is j(-89)?
0
Let k(w) = 42*w**2 + 344*w - 58. What is k(-8)?
-122
Let x(f) = 105*f - 101. Give x(1).
4
Let f(q) = -2*q**2 + 68*q + 728. What is f(43)?
-46
Let l(x) = 56054*x - 616598. Determine l(11).
-4
Let w(g) = 19*g + 407. Calculate w(-30).
-163
Let w(b) = -5*b**3 - 2*b**2 - 7*b - 30. What is w(-2)?
16
Let h(j) = 11*j**2 + 37*j - 319. Determine h(4).
5
Let z(b) = b**3 + 21*b**2 - 210*b - 1323. Calculate z(-27).
-27
Let c(y) = 8*y**2 + 92*y - 5. Calculate c(-9).
-185
Let z(r) = r**2 - 87*r - 1198. Calculate z(-12).
-10
Let m(b) = -b**2 - 2869*b - 8601. Determine m(-3).
-3
Let i(p) = -2*p**3 + 10*p**2 + 21*p + 72. Calculate i(9).
-387
Let n(v) = 1492*v - 5563. Determine n(4).
405
Let p(q) = 2*q**2 - 58*q + 196. Give p(25).
-4
Let a(f) = f**3 - 10*f**2 - 70*f + 396. Calculate a(13).
-7
Let k(s) = 485*s + 41730. Determine k(-86).
20
Let q(i) = 77*i + 1170. Determine q(-14).
92
Let y(h) = 288*h + 4442. Calculate y(-16).
-166
Let d(n) = -n**3 - 32*n**2 - n - 31. Determine d(-32).
1
Let u(h) = 133*h + 12288. Give u(-93).
-81
Let q(d) = -4*d**3 - 48*d**2 - 40*d - 65. Give q(-11).
-109
Let d(a) = -21*a - 1392. What is d(-45)?
-447
Let m(z) = 8*z**2 - 752*z - 15. Determine m(94).
-15
Let b(l) = -29*l**2 - 182*l + 26. Give b(-6).
74
Let t(f) = -764*f + 1526. Give t(2).
-2
Let l(n) = -n**2 + 3*n + 1. Give l(-4).
-27
Let d(v) = -94*v + 400. What is d(4)?
24
Let t(b) = b**3 - 8*b**2 - 127*b + 5. Calculate t(-8).
-3
Let n(l) = 488*l - 1462. Give n(3).
2
Let n(r) = -2*r**3 - 212*r**2 - 215*r - 518. Determine n(-105).
7
Let o(y) = 62*y**2 - 502*y + 31. Give o(8).
-17
Let m(p) = -16*p - 431. Determine m(-30).
49
Let a(v) = -3628*v + 14508. Determine a(4).
-4
Let p(h) = -12*h**3 + 9*h**2 + 9*h + 2. Give p(-1).
14
Let c(u) = -21*u - 223. What is c(-16)?
113
Let w(j) = -2*j**3 + 33*j**2 + 22*j + 44. What is w(17)?
129
Let s(h) = h**3 + 6*h**2 + 116*h + 27. Determine s(0).
27
Let a(p) = p**2 + 6*p - 11. Determine a(-10).
29
Let y(b) = 91*b - 118. What is y(9)?
701
Let h(o) = 1275*o - 10137. Determine h(8).
63
Let i(q) = -q**3 - 69*q**2 - 221*q - 1487. Calculate i(-66).
31
Let s(v) = -5*v + 49. Give s(-14).
119
Let a(g) = -g**3 + 8*g**2 - 8*g - 3. Determine a(7).
-10
Let n(o) = -5*o - 386. Calculate n(-77).
-1
Let y(f) = 17*f + 305. Calculate y(-18).
-1
Let q(p) = p**2 - 22*p + 58. Give q(28).
226
Let o(d) = -2*d**2 - 22*d - 3. What is o(-9)?
33
Let b(a) = -a**2 + 259. Determine b(-17).
-30
Let n(l) = l**3 - 11*l**2 - 78*l + 30. Give n(16).
62
Let a(o) = -74*o + 823. What is a(18)?
-509
Let f(a) = -44*a**2 + 839*a - 47. Calculate f(19).
10
Let u(n) = -129*n**2 + 2709*n + 10. What is u(21)?
10
Let c(o) = -o**3 + o**2 + 23*o + 528. Determine c(0).
528
Let t(v) = 9*v**3 - 16*v**2 + 18*v - 2. Give t(1).
9
Let i(x) = 9085*x + 9095. Determine i(-1).
10
Let t(g) = -4*g**2 - 33*g - 33. Determine t(-13).
-280
Let u(v) = v**3 + 28*v**2 + 35*v + 110. What is u(-27)?
-106
Let b(k) = 75*k**3 + 4*k**2 + k - 3. Determine b(-1).
-75
Let l(i) = i**2 - 2*i - 27. Determine l(-10).
93
Let m(h) = -h**3 + 144*h**2 + 577*h + 2214. Determine m(148).
-6
Let q(o) = -54*o - 301. Give q(-5).
-31
Let h(q) = q**2 - 12*q - 75. Determine h(0).
-75
Let n(j) = -j**2 - 64*j - 461. Give n(-56).
-13
Let l(c) = 67*c + 810. Give l(-12).
6
Let x(c) = -c**3 + 23*c**2 - 4*c + 656. Give x(24).
-16
Let u(n) = -n**3 - 3*n**2 - 16*n - 303. Calculate u(-7).
5
Let c(n) = 253*n + 5306. Give c(-21).
-7
Let b(t) = t**3 - 64*t**2 + 410*t + 5. Give b(7).
82
Let o(t) = t**2 - 7*t - 144. What is o(14)?
-46
Let y(k) = -54*k**3 + 218*k**2 + 4*k - 14. Calculate y(4).
34
Let q(p) = -2*p**3 + 21*p**2 + 71*p - 776. What is q(10)?
34
Let o(c) = 4*c**3 + 296*c**2 + 858*c + 13. What is o(-3)?
-5
Let g(a) = 90*a + 176. Give g(-2).
-4
Let c(r) = -2*r**3 - 5*r**2 - 13*r - 2. Calculate c(-3).
46
Let d(f) = -4*f**2 - 15*f + 16. Give d(-4).
12
Let q(z) = z**3 + 15*z**2 - 21*z - 51. Calculate q(-16).
29
Let n(m) = 7*m**2 - 8*m - 179. What is n(-5)?
36
Let l(o) = 12*o**2 - 15*o + 9. What is l(0)?
9
Let u(x) = 35*x - 1259. Give u(35).
-34
Let z(x) = -34*x + 844. Calculate z(25).
-6
Let q(s) = -s**2 - 19*s + 23. Determine q(-18).
41
Let z(m) = -5*m**2 + 4*m + 137. Calculate z(12).
-535
Let m(g) = g**3 - 19*g**2 +